461314 a multiple of 27?
True
Is 3 a factor of 103444?
False
Is 124640 a multiple of 32?
True
Does 276 divide 739906?
False
Is 129186 a multiple of 243?
False
Does 23 divide 1808191?
True
Is 473472 a multiple of 43?
False
Does 967 divide 1342196?
True
Is 2312832 a multiple of 114?
True
Does 4 divide 3601?
False
Is 3351546 a multiple of 6?
True
Is 12 a factor of 60047?
False
Is 1570472 a multiple of 218?
True
Is 385826 a multiple of 31?
True
Is 5692884 a multiple of 57?
False
Is 190238 a multiple of 118?
False
Is 21 a factor of 49886?
False
Is 2158592 a multiple of 31?
True
Does 37 divide 238278?
False
Is 24 a factor of 129168?
True
Does 402 divide 1932012?
True
Does 21 divide 43386?
True
Is 1071392 a multiple of 681?
False
Is 3528421 a multiple of 17?
False
Is 1160999 a multiple of 696?
False
Is 241 a factor of 2651812?
False
Is 159 a factor of 36252?
True
Is 305 a factor of 5818533?
False
Is 4 a factor of 481460?
True
Is 27 a factor of 2864335?
False
Does 214 divide 21457?
False
Is 57 a factor of 46521?
False
Is 14 a factor of 227374?
True
Is 5611209 a multiple of 69?
False
Does 1293 divide 15781517?
False
Does 31 divide 378975?
True
Does 127 divide 363742?
False
Does 56 divide 207968?
False
Does 11 divide 143253?
True
Does 303 divide 316685?
False
Is 682 a factor of 683364?
True
Does 29 divide 217373?
False
Is 996837 a multiple of 4?
False
Is 9318309 a multiple of 377?
True
Does 2 divide 13606?
True
Is 441662 a multiple of 50?
False
Is 1162 a factor of 969512?
False
Does 56 divide 1024688?
True
Is 8 a factor of 36120?
True
Is 42 a factor of 337793?
False
Does 41 divide 6009488?
False
Is 2440032 a multiple of 42?
True
Is 712027 a multiple of 373?
False
Is 674286 a multiple of 73?
False
Is 3447846 a multiple of 9?
True
Is 9922159 a multiple of 13?
True
Is 79 a factor of 6030702?
True
Does 76 divide 1154820?
True
Is 1558719 a multiple of 28?
False
Does 24 divide 575232?
True
Is 4916395 a multiple of 20?
False
Does 5 divide 15527?
False
Is 19110 a multiple of 147?
True
Is 20 a factor of 136720?
True
Is 551688 a multiple of 381?
True
Is 567 a factor of 894159?
True
Is 6196565 a multiple of 5?
True
Is 7650 a multiple of 15?
True
Is 80 a factor of 25984?
False
Is 3627171 a multiple of 51?
True
Is 70421 a multiple of 106?
False
Is 93 a factor of 7652148?
False
Is 5 a factor of 1615?
True
Does 117 divide 97929?
True
Does 391 divide 1799773?
True
Does 89 divide 117772?
False
Is 2723175 a multiple of 245?
True
Is 23 a factor of 808623?
False
Is 795963 a multiple of 7?
True
Does 140 divide 118413?
False
Is 71919 a multiple of 16?
False
Does 1555 divide 3221960?
True
Is 183289 a multiple of 60?
False
Does 10 divide 455401?
False
Is 99 a factor of 44748?
True
Is 166348 a multiple of 65?
False
Is 19 a factor of 104690?
True
Is 83 a factor of 162763?
True
Is 2 a factor of 184185?
False
Is 12 a factor of 88065?
False
Does 291 divide 1736565?
False
Is 3715322 a multiple of 26?
True
Is 4558104 a multiple of 348?
True
Does 52 divide 309608?
True
Is 11933912 a multiple of 28?
False
Does 40 divide 2469318?
False
Is 1026162 a multiple of 62?
True
Is 1383 a multiple of 3?
True
Is 239970 a multiple of 10?
True
Is 1293544 a multiple of 28?
True
Is 193 a factor of 88973?
True
Does 12 divide 135302?
False
Does 2 divide 69825?
False
Does 46 divide 139660?
False
Is 4512583 a multiple of 134?
False
Is 2362420 a multiple of 7?
False
Does 2 divide 65090?
True
Is 249488 a multiple of 62?
True
Does 6 divide 763338?
True
Does 280 divide 87615?
False
Is 41 a factor of 107707?
True
Does 192 divide 51456?
True
Does 29 divide 7055584?
True
Does 337 divide 359339?
False
Does 7 divide 313776?
False
Is 9 a factor of 525897?
True
Is 1867600 a multiple of 25?
True
Is 13 a factor of 391687?
False
Is 24 a factor of 3377963?
False
Is 9641160 a multiple of 54?
True
Is 4347852 a multiple of 68?
True
Is 1921775 a multiple of 8?
False
Is 11711 a multiple of 28?
False
Is 54 a factor of 1974693?
False
Does 56 divide 160384?
True
Does 96 divide 2084928?
True
Does 699 divide 1309487?
False
Does 193 divide 294711?
True
Is 16 a factor of 3565280?
True
Is 225400 a multiple of 40?
True
Is 8 a factor of 741712?
True
Does 234 divide 735930?
True
Does 841 divide 1334667?
True
Is 368660 a multiple of 10?
True
Is 586 a factor of 2551444?
True
Does 15 divide 4785390?
True
Is 276307 a multiple of 29?
False
Does 126 divide 5305860?
True
Does 40 divide 19240?
True
Is 420256 a multiple of 16?
True
Does 393 divide 521506?
False
Does 381 divide 161163?
True
Is 83 a factor of 81174?
True
Does 522 divide 1232789?
False
Is 27 a factor of 2754?
True
Is 1338238 a multiple of 15?
False
Is 402829 a multiple of 691?
False
Is 5332195 a multiple of 19?
False
Does 18 divide 47812?
False
Is 58 a factor of 5895106?
False
Is 4 a factor of 294145?
False
Is 2 a factor of 48042?
True
Is 216176 a multiple of 4?
True
Is 650912 a multiple of 32?
True
Is 406 a factor of 34620?
False
Does 340 divide 188360?
True
Does 599 divide 1722724?
True
Does 5 divide 330581?
False
Is 18 a factor of 5814?
True
Is 93 a factor of 284394?
True
Does 31 divide 1359446?
False
Is 7942798 a multiple of 38?
True
Is 47 a factor of 4748034?
True
Is 33 a factor of 488169?
True
Is 7032970 a multiple of 10?
True
Does 16 divide 1491536?
True
Does 923 divide 7444918?
True
Does 34 divide 420682?
True
Is 349492 a multiple of 22?
True
Is 663003 a multiple of 9?
True
Does 32 divide 24160?
True
Is 16790669 a multiple of 73?
False
Does 195 divide 435825?
True
Is 6 a factor of 356532?
True
Is 13 a factor of 351962?
True
Is 46 a factor of 60796?
False
Does 1105 divide 1623272?
False
Is 301 a factor of 146286?
True
Does 21 divide 2133348?
True
Is 2708677 a multiple of 6?
False
Does 23 divide 982583?
True
Is 16707755 a multiple of 8?
False
Does 312 divide 72137?
False
Is 13636332 a multiple of 86?
True
Does 7 divide 59286?
False
Does 10 divide 527476?
False
Does 20 divide 1002127?
False
Is 47 a factor of 402181?
False
Does 72 divide 4463?
False
Is 10367760 a multiple of 624?
True
Is 1248 a factor of 277056?
True
Is 162136 a multiple of 226?
False
Is 556 a factor of 19439428?
True
Is 120 a factor of 245160?
True
Does 43 divide 999623?
False
Does 62 divide 83328?
True
Is 93180 a multiple of 30?
True
Does 139 divide 11733685?
True
Is 3863230 a multiple of 482?
True
Does 7 divide 295183?
True
Is 146734 a multiple of 12?
False
Does 40 divide 267497?
False
Is 1684692 a multiple of 34?
False
Is 139 a factor of 1898184?
True
Is 753605 a multiple of 19?
False
Is 147 a factor of 742791?
True
Is 27 a factor of 198045?
True
Does 18 divide 193145?
False
Does 45 divide 2566690?
False
Is 7 a factor of 199141?
False
Does 6 divide 15975781?
False
Is 2 a factor of 5711?
False
Is 1129 a multiple of 15?
False
Does 233 divide 1453221?
True
Is 21702 a multiple of 31?
False
Is 178 a factor of 250958?
False
Is 12868586 a multiple of 389?
False
Is 7325549 a multiple of 539?
True
Is 6 a factor of 1324728?
True
Is 125046 a multiple of 48?
False
Is 125940 a multiple of 30?
True
Is 329225 a multiple of 23?
False
Does 850 divide 5437450?
True
Is 35 a factor of 138965?
False
Is 263978 a multiple of 169?
True
Does 11 divide 476289?
True
Is 16 a factor of 1651744?
True
Does 3 divide 18833?
False
Is 13678088 a multiple of 43?
False
Is 908061 a multiple of 92?
False
Is 100 a factor of 904607?
False
Is 5 a factor of 112935?
True
Does 348 divide 1469604?
True
Does 9 divide 128108?
False
Is 277 a factor of 537103?
True
Is 148445 a multiple of 11?
True
Is 75 a factor of 511757?
False
Is 284040 a multiple of 90?
True
Is 22 a factor of 20535?
False
Is 9356 a multiple of 4?
True
Is 9 a factor of 420645?
False
Does 17 divide 119136?
True
Does 30 divide 368286?
False
Is 1306547 a multiple of 130?
False
Is 56402 a multiple of 118?
False
Is 8 a factor of 4827556?
False
Is 1117224 a multiple of 59?
True
Does 128 divide 151466?
False
Is 7082271 a multiple of 24?
False
Does 17 divide 532241?
False
Is 248 a factor of 19592?
True
Is 8 a factor of 1120944?
True
Is 5 a factor of 125117?
False
Is 67452 a multiple of 28?
True
Is 269942 a multiple of 119?
False
Is 6 a factor of 67162?
False
Does 29 divide 1554402?
False
Is 200396 a multiple of 119?
True
Does 50 divide 198500?
True
Is 19 a factor of 399684?
True
Is 14 a fa